-6)/5)/((-21)/(-30) - 1). Let a(y) = y**2 + 7*y - 1 - 3*y**2 - y**2 - n. Let z(f) = -5*a(f) - 8*m(f). Give z(6).
-5
Let t(c) = -2*c**3 + 5 - 8 - 2*c**2 - 68*c - 7 + 56*c. What is t(-1)?
2
Let x(f) = -2*f**3 - 9*f**2 - 3*f + 3. Let u(a) = a**3 + 4*a**2 + a. Let c(g) = 3*u(g) + x(g). Calculate c(-4).
-13
Let x(g) = -g**2 - 4*g + 2. Suppose 9*s = -12 - 15. Let w be -3 - s - -1 - (-60)/(-10). Calculate x(w).
-3
Let i be (1 - 3 - -16) + 2. Let y(g) = g**3 + 60*g**2 + 272*g - 138. Let h be y(-55). Suppose -h*m = -29*m + i. Let f(q) = -q**2 + 8*q + 1. What is f(m)?
1
Let q(m) = 1 - 4*m + 7*m**2 + 3*m + 13790*m**3 - 6897*m**3 - 6895*m**3. Calculate q(5).
-79
Let s be ((-4)/5)/((-24)/180). Suppose -3*a = 5*k + 6, s*a = 5*k + 3*a + 24. Let v(c) = 3 - 3 + 0 + c. Calculate v(k).
-3
Let s(x) be the second derivative of -4*x**3/3 + 52*x**2 - 156*x - 11. Calculate s(13).
0
Let u(i) = 8*i + 6*i + 6*i - 7 - i**2 - 10 - 11*i + 18. Let n(y) = y**2 + 10. Let a be n(0). What is u(a)?
-9
Let x(v) = -2*v**2 - 19*v + 13. Let g be (-4)/(((-722)/(-95))/19). Determine x(g).
3
Let z(b) = 12*b**2 - 7*b. Let x be 6 + (-2 - -3 - -2) + (2 - 8). Calculate z(x).
87
Let y = -4 - -9. Let c(u) be the first derivative of u**4/4 - 5*u**3/3 + 3*u**2 - 6*u + 107. Give c(y).
24
Let p(n) = n**2 + 18*n + 1. Let r(c) = 711*c - 2856. Let f be r(4). Calculate p(f).
-71
Let k = -4257 - -4269. Let x(r) = r - 1. What is x(k)?
11
Let u(v) = v**3 + 3*v**2 + 3*v + 2. Let x(h) be the third derivative of -h**5/60 + 11*h**4/24 + 29*h**3/3 - 8*h**2 - h. Let f be x(15). Calculate u(f).
0
Let d(s) = s**2 + s + 2. Let f(q) = 21*q + 15. Let t be f(-1). Let m(v) = -7*v**2 - 12*v - 16. Let c(k) = t*d(k) - m(k). What is c(-4)?
-4
Suppose l - 5*l + 40 = 5*n, 2*n + 40 = 4*l. Suppose -20 - 10 = l*g. Let o(x) = -x**3 - x**2 + x + 2. What is o(g)?
17
Let t(w) = 2*w**2 - 23*w - 58. Let j(y) = 3*y**2 - 34*y - 87. Let f(g) = -5*j(g) + 7*t(g). Let k be 525/2275 - (768/(-52) - -3). Calculate f(k).
-7
Let s(v) = -40*v + 1441. Suppose -d - 143 = -3*f - 38, f = 2*d + 30. Calculate s(f).
1
Let w(f) = -5*f**2 - 11*f - 1. Let p(k) = 7*k**2 + 10*k + 2. Let t(s) = -2*p(s) - 3*w(s). Suppose 33*q = 15*q - 108. Calculate t(q).
-43
Suppose m = 3*p - 2, -2*m + 7 = m + 4*p. Let a(b) = 1697*b - 1687*b + 2 + m. Determine a(-2).
-17
Let c(j) = j**3 + 22*j**2 - 22*j + 27. Suppose 15565*o - 138 = 15571*o. What is c(o)?
4
Let k(q) be the first derivative of -2*q**2 - 20*q - 718. Determine k(-8).
12
Let a(x) be the third derivative of -x**6/120 + 3*x**5/20 - 7*x**4/24 - 5*x**3/3 - 1555*x**2. Give a(8).
-2
Suppose 5*m - 11 = -2*z, 4*z - 3 - 1 = -4*m. Suppose m*v + 5 = 4*v. Suppose -3*h + v*h = 16. Let c(a) = a**2 - 7*a - 10. Calculate c(h).
-2
Suppose -1 - 15 = -2*q. Let y(s) = -3*s - 657*s**2 + 10*s - 2130 + 656*s**2 + 2145. Give y(q).
7
Let x(r) = r**2 - r. Let y(n) = 7*n**2 - 6*n + 8. Let k(z) = -6*x(z) + y(z). Suppose 2*o + 2 = 4. Let a = -1 + o. Calculate k(a).
8
Let q(v) = -v**3 + 2*v**2. Let y(i) = -2*i - 10. Let w(s) = -s**2 + 7*s + 19. Let k be w(8). Suppose k*h = 10*h - 6. Let u be y(h). Determine q(u).
0
Suppose -4*t = 2*w + 390, -t + 5*t + 393 = -5*w. Let j = t + 96. Let v(f) = -3*f + 4*f**3 + 3*f - f**2 - f. Give v(j).
-4
Suppose -8*o + 6*o = 16. Let p be (12 - 9)/((-6)/o). Let q(r) = 2*r**2 - p*r - 4*r**2 + 0*r**3 - r**3 - 3*r**2. Give q(-4).
0
Let j(w) = -w**2 - 20*w + 14. Let c(g) = -160*g + 139. Let x be c(1). What is j(x)?
-7
Suppose -222 = 292*j - 33 + 103. Let r(q) be the second derivative of 3*q**3 + q**2/2 - 2*q. Calculate r(j).
-17
Let d = 5474 - 5484. Suppose -4*c = -u - 8, 0 = 4*u + 2*c - c - 19. Let j(l) = u*l**3 - 11*l + 9*l**2 + 0*l**2 + 2 - 3*l**3. What is j(d)?
12
Let k(j) = -3*j**2 + 3*j**2 - 1902 - 3*j**2 - 5*j - j**3 + 1902. Suppose -31 = 9*i - 13. Calculate k(i).
6
Let k(i) = -2 - 4*i**2 + 5*i + i**3 + 0 + 0*i**3. Suppose y + 2 - 6 = 0. Let j be 5 - (y + -4 + 1). Calculate k(j).
18
Suppose 0 = 3*w + 5*b + 6, 5*w - 10*w - 32 = b. Let n(c) = -c**2 + c + 69. Let m be n(w). Let a(d) = -d**3 + 13*d**2 - d + 1. What is a(m)?
-12
Let i(p) be the third derivative of -p**5/60 + 3*p**4/4 - 22*p**3/3 - 5082*p**2. Determine i(13).
21
Let g be (-99 + 105 - 78/10)*5. Let c(o) = -o**2 - 37*o - 264. Give c(g).
-12
Let q(g) = -6*g**2 + 4*g + 5. Let k(a) = -8*a**2 + 4*a + 5. Let i(r) = 2*k(r) - 3*q(r). Calculate i(6).
43
Let k(m) be the first derivative of -1/15*m**5 + 1/360*m**6 + 1/8*m**4 + 0*m**2 + 0*m - 5/3*m**3 + 20. Let f(x) be the third derivative of k(x). Calculate f(7).
-4
Suppose 0 = 4*v - k - 2, -3*k + 1498 = 1504. Let h(i) be the second derivative of -i**5/20 + i**4/12 + i**3/6 + 9*i**2 + 3*i. Give h(v).
18
Suppose -f = 3*u + 564, -7*f = -2*f + 15. Let w = u - -181. Let t(p) = p**3 + 7*p**2 + 5*p - 3. Give t(w).
3
Let b(z) = -2*z**3 - z - 1. Let u be 7/2 + (-1)/(-2). Suppose -3*y - 918*x + 922*x = -7, 4*x - 20 = 0. Let d be 1/(((-18)/u)/y). Give b(d).
17
Let h(l) = l**3 + 7*l**2 - 3*l - 8. Let c(t) = t**2 - 8*t - 81. Let s be c(14). Suppose z - s*j = 8, -5*z + 22*j - 17*j - 10 = 0. Determine h(z).
13
Let o(f) = -2*f**3 + 37*f**2 - 19*f + 17. Suppose 82 = 5*d + 4*r, -2*d - 5*r + 17 = -9. What is o(d)?
-1
Let n(v) = v**2 + 5*v + 5. Suppose 3*a + o + 7 = 0, -2*a - 2*a - 5*o - 24 = 0. Let h be (-220)/30 + a/(-3). Determine n(h).
19
Let i(q) = -135*q + 250*q - 6 - 120*q - q**2. Let c(v) = v. Let o(n) = 2*n + 8. Let r be o(-6). Let z be c(r). Give i(z).
-2
Suppose 7*f + 30 = 8*f. Let v(k) = 1 + f*k - k**2 - 17*k - 16*k + 3. What is v(-3)?
4
Suppose -f + 65 = 3*f - 3*d, -4*f + 55 = -5*d. Suppose j = -5*w + 20, -f*j + 5*w = -25*j. Let t(v) = -v**2 - 2*v + 11. What is t(j)?
-4
Suppose 0 = -42*x + 170 - 2. Let f(m) = -6*m**3 + 24*m**2 + 4*m - 10. What is f(x)?
6
Suppose 36*i - 50*i + 115*i + 1414 = 0. Let y(u) = 2*u**3 + 27*u**2 - 16*u - 33. Give y(i).
-5
Let m(v) = v**2 - 2*v - 50. Suppose 0 = 160*z - 145*z - 120. Calculate m(z).
-2
Let h(v) = 4*v + 36. Let i = -1248 + 1251. Let l(b) = b + 10. Let n(t) = i*h(t) - 10*l(t). Suppose 0 = -2*j - 13 - 1. Give n(j).
-6
Let f(h) = -2*h - 14. Suppose -6*s - 6 = 4*j - 4*s, 0 = s + 3. Let z(d) = -2*d**2 + 2*d + 4. Let v be z(j). Suppose -v*r + 19 - 59 = 0. Calculate f(r).
6
Let j(q) = -q**3 - 6*q**2 + 14*q + 17. Let w(h) = 4*h**3 + 24*h**2 - 57*h - 70. Let s(o) = 25*j(o) + 6*w(o). Give s(-7).
-2
Suppose 74 = -3*q - 4*z, 2*q + 16 = z - 4. Let r(n) = -3*n**2 - 41*n + 12. What is r(q)?
-2
Let d be 200/6 - (-34)/(-102). Let l be (d/12)/11*(0 - 4). Let s(z) = -21*z**2 + z. Determine s(l).
-22
Let r(k) = 3215 - k**3 - 22*k**2 + 3*k**3 + 21*k - 3231. Give r(10).
-6
Let m(n) be the second derivative of -n**6/360 + 7*n**5/120 - n**4/2 + 3*n**2/2 + 64*n. Let k(a) be the third derivative of m(a). Determine k(11).
-15
Suppose 5*u - 9 - 6 = h, 4*h + 9 = 3*u. Suppose -a + u = -0, 4*v = -3*a + 13. Let n(p) = 74*p - 37*p - 39*p + 3*p**2 + v. What is n(1)?
2
Let s(m) be the second derivative of m**3/3 + m. Let r(t) = 27*t + 137. Let l be r(-5). Let f be 2 - l*6/12. What is s(f)?
2
Let d(i) = -i**2 - 14*i - 32. Suppose -104*l - 935 - 600 = -391. Calculate d(l).
1
Let a(x) = x - 12. Let m be a(8). Let w be (2 + -4 - 0) + m. Let n(v) = -36 + 79 + 4*v**2 - 3*v**2 - 5*v - 46 + 10*v. Determine n(w).
3
Let d(i) = i**3 + 8*i**2 + 7*i - 1. Let p be (-57)/(-9) + (-13)/39. Suppose 11*g - p*g + 35 = 0. Determine d(g).
-1
Suppose x + 2*x - 165 = 18*o, 47 = -5*o + 2*x. Let w(j) = j**3 + 8*j**2 - 7*j - 19. Give w(o).
-37
Let f(p) = -p - 11. Let m(g) = -g**3 + 13*g**2 + 15*g - 12. Let t be m(14). Let z(q) = -q - 35. Let d(j) = t*z(j) - 7*f(j). Give d(-6).
-23
Let x = -192 + 208. Let i be x/(-5) + 144/(-180). Let w(k) be the third derivative of k**6/120 + k**5/30 - k**4/6 + 2*k**3/3 + 6*k**2. What is w(i)?
-12
Let s(y) = -86 + 22 + 3*y**2 - 30*y + 12 + 36. Calculate s(10).
-16
Let s be 666/(-27) - (-6)/9. Let c be 149/(-7) + 6/21. Let o = c - s. Let n(k) = -k**2 + 4*k - 4. Give n(o).
-1
Let r(o) = 8*o + 4. Let t(b) = -1. Let m(s) = -r(s) - 5*t(s). Suppose 22 = -4*h + 5*d + 6, -2*h + 2*d = 6. Give m(h).
-7
Let v(g) be the second derivative of 3*g**4/4 - 3*g. Suppose 16 = 2*c - 3*w, 2*c = -383*w + 378*w - 32. What is v(c)?
9
Let a(c) = 4*c - 21. Let m be a(17). Let b = m + -51. Let l(n) = -13*n**2 - 5*n - 2. L